Suppose 0 = 4*q + 16, l = -5*q - 14 - 2. Let a(z) = -4*z**3 + 4*z - 2*z + 5*z**3 - l*z**2 - z. Give a(3).
-6
Let w(c) be the third derivative of c**8/20160 + c**7/5040 - c**6/240 + c**5/12 + 13*c**2. Let o(y) be the third derivative of w(y). Determine o(-3).
3
Let k(w) be the first derivative of -5*w**2 + 1/3*w**3 + 6 - 3*w. Determine k(10).
-3
Suppose 18 = 4*g + 70. Let k be g*((6 - 3) + -4). Let d(h) = -k*h + 32*h - 16*h + 8. What is d(-6)?
-10
Let c(k) = 2*k**2 + 11*k - 4. Let v be c(-3). Let u = v - -22. Let t(f) = f - 4. Calculate t(u).
-1
Let x(b) = b - 1. Let h = 20 - 4. Suppose 0 = 3*f - 2 - h. What is x(f)?
5
Let c(s) = s**3 - 6*s**2 - 8*s + 4. Suppose m = 2*w, -4 = -3*m - 2*w + 4. Suppose 0 = -m*a + 10, 4*a - 18 = f - a. Determine c(f).
-3
Let h(z) = 4*z**3 + 6*z**2 - 3*z + 5. Let x(d) = -3*d**3 - 5*d**2 + 2*d - 4. Let b = 41 - 36. Let j(n) = b*h(n) + 6*x(n). What is j(2)?
11
Let b(h) = h**2 + 6*h - 5. Let a be b(-7). Let c(y) = y**3 - 233 + y + 230 + a*y. Calculate c(2).
11
Suppose 5*b - 43 = -2*y, -4*y - y + 20 = -5*b. Let f(l) = l**3 - 8*l**2 - 10*l + 6. What is f(y)?
-3
Let s(w) = 2565 - 4*w**3 + 6*w**2 - w + 3*w**3 - 2555. Give s(6).
4
Let w(v) = v**3 - v**2 - 2*v + 2. Let k(t) = 11*t - 3. Let j be k(3). Suppose j = -3*y - 18. Let a be (-8 - y/4)/(-2). Give w(a).
2
Let u(m) = 3*m**3 - 9*m**2 - 1. Let w = -10 - -11. Suppose b + w = -0. Let a(z) = -z**3 + z**2 - z + 1. Let h(n) = b*u(n) - 4*a(n). What is h(-4)?
-3
Suppose 2*x = 6*x - 20. Suppose 3 = 4*r - x. Suppose -7 = r*g + 3. Let p(k) = k**3 + 5*k**2 + k + 4. Give p(g).
-1
Suppose 5*w - 14 = 16. Suppose -p + 4*x = -16, w*p - 11 = 4*p + x. Suppose 0 = -p*d - 5 + 1. Let i(h) = -7*h**2 - h - 1. Give i(d).
-7
Let s(k) = 0*k**2 - k**2 + 2*k + 7 + 0*k. Let v be 11 + (-49 - -50)/((-2)/12). Calculate s(v).
-8
Let z(w) = -w**2 - 10*w - 10. Let m(n) = -5*n + 107. Let i be m(23). Determine z(i).
6
Let o(d) = 17*d - 1. Let b(k) = -22*k + 1. Let c(r) = -4*b(r) - 5*o(r). What is c(2)?
7
Let t(z) = -141 + 92 + 53 + z. Determine t(0).
4
Let p(m) = m**2 - 5*m + 3. Let q(k) = k**2 + 7*k + 13. Let u = 39 + -44. Let i be q(u). Determine p(i).
-3
Let w(s) = -s**2 + 15*s - 9. Let b be (-438)/(-27) + 6/(-27) - 1. Let j be w(b). Let a(z) = z**2 + 9*z - 9. Give a(j).
-9
Let i = -1353 + 1359. Let k(o) = o**3 - 5*o**2 - 8*o + 10. What is k(i)?
-2
Let i(m) = -13*m**3 - 7*m**2 - 19*m + 31. Let h(w) = -8*w**3 - 5*w**2 - 13*w + 21. Let f(x) = 8*h(x) - 5*i(x). Give f(6).
-5
Let x(a) = 4*a - 6. Let i(y) = -3*y + 5. Let f(c) = -5*i(c) - 4*x(c). Suppose 4*k - 12 = -0*k. Suppose 0 = -k*p + 3*u - 9, -4*p = 2*u - u + 17. Give f(p).
3
Let i(k) be the second derivative of 7*k**3/6 + k**2/2 + k. Suppose s + 105*x - 14 = 110*x, -s - 16 = 5*x. Calculate i(s).
-6
Suppose -2*v - 22 = -4*b, -4*b = 4*v - 9*v - 7. Let s(p) = -p**3 + 8*p**2 + 2*p - 10. Calculate s(b).
6
Let u(k) = -2*k**3 + 7*k**2 + 3. Let o(i) = i**3 - 3*i**2 - 1. Let v(h) = 5*o(h) + 2*u(h). Calculate v(0).
1
Let c be (44 + -44)/(-1 - -2). Let m(o) be the third derivative of -1/6*o**3 + c + 0*o - 2*o**2 + 1/12*o**4. What is m(-1)?
-3
Let d = -16 - -22. Let s(u) = 2*u**2 + u**2 + 7*u - 4*u**2 - d. Let g(v) = -2*v**2 - 55*v + 34. Let c be g(-28). Give s(c).
0
Let g(v) = 1042*v - 520*v - 4 - 520*v. Determine g(-4).
-12
Let u = 2 - 2. Let q(w) = 0*w + 7 - 22*w + 7*w + 9*w + 7*w. What is q(u)?
7
Let q(h) = h**3 + h**2 + h. Suppose 2*r + 14 = -4*v, -9 = -3*v + 2*v + 2*r. Determine q(v).
-1
Suppose 3*k = -18 + 15. Let a(d) be the first derivative of -23*d**2/2 - d + 2. What is a(k)?
22
Let m(x) = x**2 + 7*x + 8. Let g = 283 + -287. Let i be m(g). Let r(a) = 1 - a**3 - 2 - 6*a + 2*a - 5*a**2. Give r(i).
-1
Let u(k) be the third derivative of k**6/40 + k**5/60 + k**4/24 - k**3/6 + 2*k**2 + 295. Calculate u(1).
4
Let w(i) = -7*i**2 + 8*i - 2. Let u(q) = 7*q**2 - 9*q + 2. Let t(y) = 3*u(y) + 4*w(y). Let z(p) = -6*p**2 + 4*p - 2. Let a(n) = -2*t(n) + 3*z(n). What is a(2)?
-14
Let w(c) = -243*c**3 - 2*c + 125*c**3 - 5*c - 1 + 117*c**3 + 7*c**2. Determine w(6).
-7
Let s(c) = 4*c**2 + c - 6. Let a(z) = -5*z**2 + 6. Let t(i) = -5*a(i) - 6*s(i). Let v = 585 + -579. Calculate t(v).
6
Suppose 4*u = -m - 13, 5*u = 3*m + 8 - 3. Let n be (63/(-9) - 0/2)*-1. Let w(v) = -n + 0 - 3*v + 3 + 2*v. Give w(m).
1
Suppose n = -0 + 4. Suppose -n*y + 42 + 6 = -4*w, 0 = -4*w + 5*y - 52. Let p(h) = -h - 13. What is p(w)?
-5
Let n(s) = 16 + 2*s + 4*s + 11*s - 18*s. What is n(-4)?
20
Let x(z) = 7*z**2 + z. Suppose 16 = -k + 4*j, 1 = -4*j + 13. Let h be 1 - (k - -14)/5. What is x(h)?
6
Let r(l) = l**2 - 1 - l + l**3 + 0*l + 0*l**2. Suppose -11*d + 64 = 13*d + 16. What is r(d)?
9
Suppose -a + 2*f = 8, 9*a - 15 = 4*a - f. Suppose -48 = 5*u - 4*x, -2*x - a*x = 12. Let i = u - -5. Let t(h) = -h**3 - 6*h**2 + 7*h - 6. What is t(i)?
-6
Suppose 0 = 2*h, 4*h + 6 = 4*c - 2*c. Let s(f) = -525 - 525 + 3*f + 1574 - 2*f**2 - 520. What is s(c)?
-5
Suppose 116*j = 117*j - 5. Let m(l) = -l**3 + 3*l**2 + 5*l + 3. Determine m(j).
-22
Let k(m) = -m**3 - 6*m**2 + 2*m - 3. Suppose -5*h - 39 = -99. Suppose 60*j - 58*j = -h. Determine k(j).
-15
Let r = 14 + -9. Suppose -r*z - 2 - 8 = 0. Let q(a) = -3*a**2 + 1 + 3*a**2 + 5*a**2 - 4*a**2 + 2*a. Give q(z).
1
Let g(v) = v + 8. Suppose -2*t - 5*b = t + 16, -5*t = -4*b - 35. Let l(q) = -q + 5. Let z be l(-19). Suppose w + z = -t*w. Determine g(w).
2
Let v(q) = q**3 + 5*q**2 - 2*q - 6. Let m(l) = l. Let k(h) = 5*m(h) - v(h). Let c = -6 + 8. Suppose 2*g = -14 + c. What is k(g)?
0
Let g(t) = -22*t - 234. Let a be g(-12). Let r(z) = -z**3 + 2*z**2 + 2. Let v be r(4). Let l = a + v. Let n(p) = -p**3 + p**2 + p + 4. Determine n(l).
4
Let d(i) = 5*i**3 + 2*i**2 - 2*i + 1. Let b be (-6)/(-8) - 6/8. Suppose b = -x - 5 + 7. Suppose -4*h = -6 + x. What is d(h)?
6
Let a(w) = -27*w**2 - 9 - 18 + 26*w**2 + 21*w. Let r be a(20). Let s(c) = c - 3. Let g(i) = 2*i - 7. Let z(d) = -4*g(d) + 9*s(d). Give z(r).
-6
Let j = -15 - -19. Let u(f) = 0*f - j*f + 3*f + 6*f**2. Calculate u(1).
5
Let v(f) = f**2 - 2. Suppose 4*a + 5*q + 3 - 20 = 0, -3*q = -5*a + 12. Determine v(a).
7
Suppose -d + 5*t + 36 = 5, 5*d - 4*t = 71. Suppose 0 = 6*s - 6 - 42. Let x = s - d. Let y(c) = -c - 4. Determine y(x).
-1
Let a(c) = -c**3 + 5*c**2 - 4*c - 3. Let q(s) = -3*s - 34. Let g be q(-11). Let r be g/3 + 28/12 + 2. Determine a(r).
-3
Let t(o) = o**2 + 7*o + 7. Let x = -24 + 19. Let w be t(x). Let q(d) = -2*d**2 - 5*d - 2. Calculate q(w).
-5
Let l be (15/10)/(1/2). Suppose -y + 0*b + 3*b = -19, 0 = l*y - 5*b - 49. Let g be (1 - 0)/(y/(-91)). Let w(r) = 2*r + 9. Give w(g).
-5
Let o(u) = u**3 - u**2 + 10. Let j(y) = 2*y + 15. Let g be j(0). Suppose 0 = -g*l + 13*l. Calculate o(l).
10
Let w(r) be the first derivative of r**3/3 - 11*r**2/2 + 2*r - 115. Determine w(6).
-28
Let y(u) = u**3 - 2*u**2 + 3*u - 3. Let i be y(3). Suppose -9*f - i = -14*f. Let j(n) be the first derivative of -n**3/3 + 2*n**2 - 2*n - 10. Determine j(f).
1
Let h = -304 - -307. Let m(y) be the first derivative of 0*y**2 + 9 + 0*y**h - 2*y + 1/4*y**4. Give m(2).
6
Let r(o) be the third derivative of o**6/120 - o**4/24 + o**3/6 - 81*o**2. What is r(0)?
1
Let v(w) = 5 + 5 - 2*w + 0 - 12. Calculate v(-4).
6
Let n(y) be the first derivative of -y**2/2 + 18. Let g be n(-1). Let l(m) = 5*m + 1. What is l(g)?
6
Let x(o) = -o**3 + 13 - 6*o - 6 - 5*o**2 - 2*o**2. Let k(i) = -i**2 - 12*i - 17. Suppose 4*t = 3*t - 11. Let d be k(t). Determine x(d).
7
Let d(h) = -h + 7. Let w be (156/234)/(1/9). What is d(w)?
1
Let q(w) be the third derivative of -w**6/120 + w**5/20 + 2*w**3/3 + 965*w**2. Let v = 2 + 2. What is q(v)?
-12
Let i(p) be the third derivative of -p**6/60 + p**5/15 - p**4/24 - p**3/3 - 100*p**2. Give i(2).
-4
Let d(p) = 11*p**2 - 21*p - 1. Let b(o) = -18*o**2 + 39*o + 3. Let r(y) = -3*b(y) - 5*d(y). Determine r(-10).
16
Let p(k) = 428*k - 230*k + 1 - 216*k. What is p(-1)?
19
Let v be 3/2*(1 + -3). Let h be (2/v)/(2/3). Let x(p) be the third derivative of p**5/10 + p**3/6 - 4*p**2 + 7. Calculate x(h).
7
Let g(s) = s - 3. Let f(x) = -4*x + 48. Let i(w) = -f(w) - 6*g(w). Calculate i(-16).
2
Let q(b) = -2*b**3 + 2*b**2. Suppose -177*p = -169*p - 24. Give q(p).
-36
Let y(h) = 4*h - 54. Let v be y(16). Let s be 10/(-25) + (132/v)/(-2). Let g(f) = -2*f**